 = 2*k - 8. What is h(z)?
-4
Let z(j) be the third derivative of -j**5/60 - j**4/3 + j**3/3 + 11*j**2. Calculate z(-6).
14
Let l(k) = k**3 - 4*k**2 + k + 1. Let a be -6 - -6 - (10 - 1). Let x be (-11)/(-3) + 6/a. What is l(x)?
-5
Suppose 4 = n - l, -5*l + 4 = -3*l. Let o(w) = -w**3 + 5*w**2 + 7*w - 9. Calculate o(n).
-3
Suppose 4*n - 8 = 4*h, h - 5*h = 0. Let w(z) = -z - n + 0 + 4. What is w(-2)?
4
Let o = 0 + 2. Let f(w) = 1 + 3 - 2 - o*w. Calculate f(3).
-4
Let y(t) = 16*t**3 - 10 - 33*t**3 - 6*t**2 + 6*t + 16*t**3. What is y(-7)?
-3
Let y(g) be the first derivative of 3*g**2/2 - 5*g - 6. Determine y(4).
7
Let x(m) be the second derivative of -m**7/2520 + m**6/720 + m**5/24 + m**4/6 + 4*m. Let v(z) be the third derivative of x(z). Calculate v(0).
5
Let m(i) = 8*i - 2. Let n be 2 + (-4)/(-8) + 5/(-10). Give m(n).
14
Suppose d + 5 = 6*d. Let k = -2 - d. Let r = k + -1. Let j(q) = -q**2 - 3*q + 3. Give j(r).
-1
Let b(r) = 5*r - 2. Suppose p + 11 = -2*z - 4*p, 0 = -2*z + 4*p + 16. Calculate b(z).
8
Let m(x) = -3*x**3 + 15*x**2 - 14*x + 9. Let s(t) = 2*t**3 - 6 + 1 + 7*t + t**2 - 2*t**2 - 7*t**2. Let d(i) = -3*m(i) - 5*s(i). What is d(-6)?
-8
Let u be -2 + ((-3)/3 - -12). Let k be 0/1 + u/(-3). Let b(z) = 2*z**2 + 4*z. Determine b(k).
6
Suppose -10*c + 6*c = 0. Let g(f) = -10 + 4 - f + c*f. Determine g(-3).
-3
Let r(y) be the third derivative of -y**4/12 + 5*y**3/6 + 6*y**2. Give r(4).
-3
Let y(a) = -7*a + 9. Let v(l) = l + 1. Let q(j) = 7*j. Let f(m) = -q(m) + 4*v(m). Let o(i) = 9*f(i) - 4*y(i). Calculate o(-7).
-7
Let q(a) = -a**2 - 3*a + 2. Let w(f) = -f**2 - 3*f + 2. Let u(i) = -6*q(i) + 7*w(i). Suppose -3*t + 10*s - 5*s - 22 = 0, -2*s + 12 = -2*t. Give u(t).
-2
Let d(k) = k**2 + 12*k - 5. Let o be d(-13). Suppose -o*n = -5*n + 18. Let l(u) = -u + 2. Calculate l(n).
8
Let c(u) = 6*u**3 + 2*u**2 - 8*u - 3. Let q(s) = 2*s**3 + s**2 - 3*s - 1. Let n(h) = 4*c(h) - 11*q(h). Suppose -5*a - 4*k = -22, -3 = -2*a - 2*k + 7. Give n(a).
5
Let n be (-6)/(-2)*8/12. Suppose n*w - 1 = 7. Let y(r) = 5*r - w - 4*r - r**2 - 3. Give y(0).
-7
Let l(m) be the first derivative of -3*m**2/2 + 2*m - 11. Calculate l(6).
-16
Suppose -3*s - 4 = -22. Let j(i) = i**2 - 6*i - 7. Calculate j(s).
-7
Let b be (-2)/(-3)*(-45)/(-10). Let r(v) = 5*v + v - 2 - b*v + 1. Give r(-2).
-7
Let q(m) = -3*m - 4. Let h(p) = -2*p - 3. Let l(c) = -4*h(c) + 3*q(c). Determine l(-3).
3
Let q(r) = 9*r + 5 + 9 + r**2 - 8. What is q(-6)?
-12
Let c(a) = 3*a**2 + 9*a + 8. Let v(u) = -2*u**2 - 5*u - 4. Let s(y) = -6*c(y) - 11*v(y). Let x(q) be the first derivative of s(q). Give x(-1).
-7
Let a(p) be the second derivative of 1/3*p**3 + 3*p + 0 + 1/12*p**4 - 2*p**2. Let n(r) = r**2 - 3*r - 4. Let d be n(3). Determine a(d).
4
Let t(h) = -h**3 - 6*h**2 - 5*h - 3. Let z(f) = f**2 - 7*f + 5. Let g be z(7). Suppose 28 - 3 = -g*x. Determine t(x).
-3
Suppose 2*i + 4 = 0, 4*z + z = i + 17. Let h(r) = r**3 - 5*r**2 + 5*r - 2. Give h(z).
-5
Let i(b) = b + 11. Suppose 0 = 3*z - h + 15, -4*h + 5 = -2*z + z. Determine i(z).
6
Let n(l) = -l + 4. Suppose -5 = -d + j, 3*d + 5*j = 1 + 6. Determine n(d).
0
Let y(j) = -j. Suppose 46*w - 9 = 49*w. What is y(w)?
3
Let w(q) be the third derivative of -q**5/30 + q**4/8 - q**3/6 + 4*q**2. Determine w(2).
-3
Let y(m) = m + 7. Let k = 82 - 90. Determine y(k).
-1
Let t = 7 + -4. Let n be (3/6)/(1/6). Let y(h) = -2*h**3 + 6*h - 3*h**2 - 3*h + n*h**3 + 1 - 2*h. Determine y(t).
4
Let o(i) be the second derivative of -i**5/20 - i**4/4 + i**3/6 + i**2 + 4*i. Calculate o(-3).
-1
Let v be (7/2 - 2)*-2. Let u = v + 1. Let i be u*(-2 + 3)/2. Let w(d) = 6*d**3 - 2*d - 1. Determine w(i).
-5
Let r(b) = b - 1. Let j(s) = -3*s + 4. Let a(m) = j(m) + 2*r(m). Let l = 8 - 3. Calculate a(l).
-3
Let b(t) = -2*t + 14. Let n(g) = g - 2. Let h be n(4). Let m(p) = p - 7. Let r(q) = h*b(q) + 5*m(q). Determine r(4).
-3
Let l be -4*(-1)/1 - 2. Let s(o) = -2 + 3 + 2 - 4. Let h(k) = 3*k**2 - k - 4. Let f(m) = -h(m) + 4*s(m). Give f(l).
-10
Suppose -7*w - 33 = -5. Let j(i) be the third derivative of i**6/120 + i**5/12 + 7*i**4/24 + i**3 - 2*i**2. What is j(w)?
-6
Let a(v) = v**3 + 2*v**2 - 4*v + 1. Let c be a(-3). Let o(b) be the second derivative of -b**5/20 + 5*b**4/12 - b**3 + 5*b**2/2 - 4*b. What is o(c)?
-3
Let v(j) = -j**3 - 5*j**2 - 4*j - 2. Let h = 59 + -61. Give v(h).
-6
Let h be ((-6)/5)/((-1)/5). Let n be (1 - 2)/((-2)/h). Let m(g) = -4*g**2 - n*g + 2 + 0*g**3 - 2 - g**3. Give m(-3).
0
Let h be (1 + 3)*2/(-4). Let a(r) = -8*r**3 - 12*r**3 + 29*r**3 - 10*r**3 - r**2 + 2*r. Give a(h).
0
Let i(n) = n**3 + 1 + 7*n + 2 - 6*n**2 - 7. Let u(c) = -25*c**3 + c**2 - 1. Let k be u(-1). Suppose -4*b + k = b. Determine i(b).
6
Let h(y) = y**2 - 8*y - 5. Suppose -2*a = -0*a - 12. Calculate h(a).
-17
Suppose -5*v + 3 = -4*b - 10, -v - 4 = -3*b. Let s(j) = -11*j - 2. Let m(n) = -9*n - 3. Let o(f) = -6*m(f) + 5*s(f). What is o(v)?
3
Let t = -8 + 15. Let m(o) = -t - 4*o - 5*o**2 + 3*o - o**3 + 0. Suppose -5*w + 3 = -4*y - 2, 0 = -3*y + 3*w - 6. Calculate m(y).
-2
Let a(o) = 3*o. Let n = 11 + -7. Suppose -n = 2*w - 6. Give a(w).
3
Suppose l + 4*l + 15 = 0. Let z(y) = y + 6. Calculate z(l).
3
Let q(s) = -s + 2. Let w be q(-4). Let r(i) = -7 + 3 + 7 - i**2 + 5*i. Determine r(w).
-3
Let b(u) be the second derivative of 5/6*u**3 + 5*u + 0 - 1/12*u**4 - 3/2*u**2. What is b(3)?
3
Suppose 32 = h - 5*q, 5*h = 7*q - 3*q + 55. Let s(y) = y**3 - 8*y**2 + 9*y - 6. Give s(h).
8
Let l(m) = -m**3 + 9*m**2 + 7. Let c be l(9). Let o(j) = 3*j + 4*j - 6*j + c. Let w = 7 + -12. What is o(w)?
2
Let t(r) = r**2 + 9*r + 7. Let a(d) = -d + 3. Let c be a(8). Determine t(c).
-13
Suppose -5*v + 8 = -17. Let d(u) = -v*u**2 - u**3 - 3*u - u + 2*u - 2*u. Determine d(-3).
-6
Let u be 4/(-14) - (-300)/21. Let h = u + -9. Let l(o) = -o**3 + 5*o**2 + o + 1. What is l(h)?
6
Let h(l) be the first derivative of l**3/3 - l - 1. Let s be 6/4*8/6. Suppose s + 8 = -5*r. Determine h(r).
3
Suppose -4*n = -1 - 7. Let w(v) = -2*v - 3. Let q(x) = 4*x + 7. Let u(j) = -3*j - 3. Let d be u(-4). Let c(i) = d*w(i) + 4*q(i). Calculate c(n).
-3
Let y(w) = w**3 - w. Let r be y(0). Let c(n) = 5*n**2 - n**2 + 2*n + n**3 + n + r*n**3. Give c(-3).
0
Let t(w) = -1 - w + 0*w - 18*w**3 + w**2 + 19*w**3. What is t(0)?
-1
Let j(n) be the second derivative of n**5/20 + n**4/3 + n**3/3 + n**2 - 2*n. Calculate j(-3).
5
Let i(a) = -68*a**2 + 2 - 3*a + a**3 - 68*a**2 + 135*a**2. Determine i(2).
0
Let x(i) = i**3 + 4*i**2 - 6*i - 3. Let y be x(-5). Let p(v) = -8*v**2 + 1 + 3*v - y - 4*v. Let w be (2 + -4)/(-3 + 5 + 0). Calculate p(w).
-8
Let i(g) = 3*g + 4. Let p be (2/(-5))/((-6)/(-60)). What is i(p)?
-8
Let w(t) = t + 7. Suppose -42 = 6*i - 6. Give w(i).
1
Let z(r) be the first derivative of -r**3/3 - 4*r**2 - 3*r - 1. Let n be z(-7). Let h(u) = -2*u + 3. Let t be h(n). Let w(s) = s**2 + 5*s - 2. Calculate w(t).
-2
Let k = 44 - 47. Let t(d) = -2*d - 1. Calculate t(k).
5
Let j(b) be the third derivative of -b**5/120 + b**4/24 + b**3/6 + 6*b**2. Let n(m) be the first derivative of j(m). Determine n(-1).
2
Let w(a) = -a**2 + 1. Let t(y) = -y**2 + 2*y + 4. Let h(j) = t(j) - 2*w(j). Determine h(-3).
5
Let s(w) = -6*w**2 - 6*w - 1. Let v(t) = 7*t**2 + 6*t + 1. Let b(c) = 6*s(c) + 5*v(c). Calculate b(-4).
7
Suppose 6*a = 3*a + 6. Let w(r) = -11*r. Calculate w(a).
-22
Suppose 0 = -4*n - p + 9, 0*n - p - 3 = -2*n. Let y(f) = -f**3 + 2*f**2 + 4*f - 3. What is y(n)?
5
Suppose -5*k = -k. Let n(y) = y**3 - y**2 - y. Let d(v) = -4*v**3 + 6*v**2 + 5*v - 2. Let r(l) = -d(l) - 5*n(l). Calculate r(k).
2
Let k be (9/(-5))/((-6)/20). Let v(y) = y - 14. Calculate v(k).
-8
Let q(r) = -8*r**3 + r**2 - 1. Let n = -25 + 26. What is q(n)?
-8
Let z(g) = -4*g**2 + g**3 + 2 - 2*g**3 + 0*g + g. Suppose v = -2*k - 4, 5*k + 17 = -3*v + 5. Give z(v).
-2
Let a(n) = n**3 + 6*n**2 - 8*n - 3. Suppose 3*c + 5*d = 4, -4*c - 41 = -c - 4*d. What is a(c)?
4
Let z(a) = -a**3 - a**2 - 2*a - 2. Let n be 21/9 - 1/3. Let f be n/6 - (-20)/12. Suppose 2*u = u - f. Calculate z(u).
6
Let i(z) = -z**2 - 11*z + 14. Let n be i(-12). Let u(g) = g - 2. Calculate u(n).
0
Let p be (2/(-2))/(-1)*-1. Let v be (-3)/(0 - 3) - p. Let q(t) = t**3 + t**2 + 1 - 3 + 2*t**v. Calculate q(-3).
-2
Let m(k) = -6*k**2 + k + 2*k**2 - 2*k. Suppose